03
List the prime factors of 9587.
9587
List the prime factors of 82442.
2, 41221
List the prime factors of 43063.
43063
List the prime factors of 7560.
2, 3, 5, 7
What are the prime factors of 867?
3, 17
What are the prime factors of 14779?
14779
What are the prime factors of 50826?
2, 3, 43, 197
What are the prime factors of 1163?
1163
List the prime factors of 4105.
5, 821
List the prime factors of 1550.
2, 5, 31
What are the prime factors of 720?
2, 3, 5
List the prime factors of 497.
7, 71
List the prime factors of 1234.
2, 617
List the prime factors of 1348.
2, 337
List the prime factors of 33648.
2, 3, 701
What are the prime factors of 3984?
2, 3, 83
List the prime factors of 2377.
2377
List the prime factors of 12609.
3, 467
What are the prime factors of 7022?
2, 3511
What are the prime factors of 2546?
2, 19, 67
List the prime factors of 34025.
5, 1361
What are the prime factors of 781?
11, 71
What are the prime factors of 21164?
2, 11, 13, 37
What are the prime factors of 213?
3, 71
List the prime factors of 706.
2, 353
List the prime factors of 113186.
2, 17, 3329
What are the prime factors of 3622?
2, 1811
What are the prime factors of 4664?
2, 11, 53
List the prime factors of 636.
2, 3, 53
What are the prime factors of 1811?
1811
What are the prime factors of 52811?
11, 4801
List the prime factors of 1153.
1153
List the prime factors of 1053.
3, 13
What are the prime factors of 47051?
47051
What are the prime factors of 11619?
3, 1291
What are the prime factors of 805?
5, 7, 23
List the prime factors of 81949.
7, 23, 509
What are the prime factors of 418?
2, 11, 19
What are the prime factors of 8796?
2, 3, 733
List the prime factors of 5737.
5737
List the prime factors of 3132.
2, 3, 29
List the prime factors of 970.
2, 5, 97
List the prime factors of 146.
2, 73
List the prime factors of 33930.
2, 3, 5, 13, 29
List the prime factors of 23077.
47, 491
List the prime factors of 640.
2, 5
What are the prime factors of 12251?
12251
What are the prime factors of 809?
809
What are the prime factors of 362?
2, 181
List the prime factors of 2157.
3, 719
What are the prime factors of 4740?
2, 3, 5, 79
List the prime factors of 210.
2, 3, 5, 7
What are the prime factors of 2931?
3, 977
What are the prime factors of 1141?
7, 163
List the prime factors of 66905.
5, 13381
List the prime factors of 2883.
3, 31
What are the prime factors of 5639?
5639
What are the prime factors of 5120?
2, 5
List the prime factors of 7340.
2, 5, 367
List the prime factors of 14842.
2, 41, 181
What are the prime factors of 161?
7, 23
List the prime factors of 34968.
2, 3, 31, 47
List the prime factors of 4435.
5, 887
List the prime factors of 43042.
2, 21521
What are the prime factors of 994?
2, 7, 71
What are the prime factors of 20216?
2, 7, 19
What are the prime factors of 297?
3, 11
What are the prime factors of 23952?
2, 3, 499
What are the prime factors of 1430?
2, 5, 11, 13
What are the prime factors of 4831?
4831
List the prime factors of 1786.
2, 19, 47
List the prime factors of 145694.
2, 97, 751
What are the prime factors of 8962?
2, 4481
What are the prime factors of 113642?
2, 56821
What are the prime factors of 565?
5, 113
What are the prime factors of 1890?
2, 3, 5, 7
List the prime factors of 53741.
61, 881
What are the prime factors of 849?
3, 283
What are the prime factors of 4143?
3, 1381
What are the prime factors of 2933?
7, 419
List the prime factors of 756.
2, 3, 7
What are the prime factors of 103917?
3, 11, 47, 67
List the prime factors of 1093.
1093
What are the prime factors of 64285?
5, 13, 23, 43
What are the prime factors of 3491?
3491
What are the prime factors of 16684?
2, 43, 97
What are the prime factors of 3457?
3457
List the prime factors of 34435.
5, 71, 97
What are the prime factors of 975?
3, 5, 13
What are the prime factors of 26672?
2, 1667
List the prime factors of 31825.
5, 19, 67
What are the prime factors of 93112?
2, 103, 113
List the prime factors of 13112.
2, 11, 149
What are the prime factors of 2629?
11, 239
List the prime factors of 112014.
2, 3, 7, 127
What are the prime factors of 1457?
31, 47
List the prime factors of 18766.
2, 11, 853
What are the prime factors of 49442?
2, 59, 419
List the prime factors of 14478.
2, 3, 19, 127
List the prime factors of 18472.
2, 2309
List the prime factors of 3998.
2, 1999
List the prime factors of 114515.
5, 37, 619
What are the prime factors of 575?
5, 23
List the prime factors of 49227.
3, 61, 269
List the prime factors of 12899.
12899
What are the prime factors of 8973?
3, 997
What are the prime factors of 113?
113
List the prime factors of 379.
379
What are the prime factors of 19945?
5, 3989
What are the prime factors of 92096?
2, 1439
What are the prime factors of 745?
5, 149
What are the prime factors of 14821?
14821
What are the prime factors of 1687?
7, 241
List the prime factors of 95562.
2, 3, 5309
What are the prime factors of 4853?
23, 211
List the prime factors of 1250.
2, 5
What are the prime factors of 9321?
3, 13, 239
What are the prime factors of 1339?
13, 103
What are the prime factors of 1019?
1019
What are the prime factors of 70510?
2, 5, 11, 641
What are the prime factors of 6609?
3, 2203
List the prime factors of 26996.
2, 17, 397
What are the prime factors of 45288?
2, 3, 17, 37
List the prime factors of 272.
2, 17
What are the prime factors of 1029?
3, 7
What are the prime factors of 4539?
3, 17, 89
List the prime factors of 2553.
3, 23, 37
What are the prime factors of 855?
3, 5, 19
List the prime factors of 40637.
40637
List the prime factors of 24197.
24197
List the prime factors of 16728.
2, 3, 17, 41
List the prime factors of 4207.
7, 601
What are the prime factors of 16061?
16061
List the prime factors of 74890.
2, 5, 7489
List the prime factors of 14785.
5, 2957
List the prime factors of 193.
193
What are the prime factors of 932?
2, 233
List the prime factors of 534.
2, 3, 89
What are the prime factors of 18696?
2, 3, 19, 41
What are the prime factors of 1610?
2, 5, 7, 23
What are the prime factors of 1792?
2, 7
List the prime factors of 2168.
2, 271
List the prime factors of 535.
5, 107
What are the prime factors of 1081?
23, 47
What are the prime factors of 128470?
2, 5, 29, 443
List the prime factors of 7613.
23, 331
What are the prime factors of 35724?
2, 3, 13, 229
What are the prime factors of 318?
2, 3, 53
What are the prime factors of 191?
191
What are the prime factors of 54228?
2, 3, 4519
What are the prime factors of 2969?
2969
What are the prime factors of 4542?
2, 3, 757
List the prime factors of 6138.
2, 3, 11, 31
List the prime factors of 31459.
163, 193
List the prime factors of 2395.
5, 479
List the prime factors of 128.
2
What are the prime factors of 73216?
2, 11, 13
List the prime factors of 2375.
5, 19
List the prime factors of 2448.
2, 3, 17
What are the prime factors of 1259?
1259
What are the prime factors of 21785?
5, 4357
List the prime factors of 277.
277
List the prime factors of 3554.
2, 1777
List the prime factors of 1008.
2, 3, 7
What are the prime factors of 673?
673
List the prime factors of 12907.
12907
List the prime factors of 65448.
2, 3, 101
List the prime factors of 49630.
2, 5, 7, 709
List the prime factors of 7429.
17, 19, 23
What are the prime factors of 90791?
163, 557
What are the prime factors of 3204?
2, 3, 89
What are the prime factors of 129445?
5, 25889
What are the prime factors of 434?
2, 7, 31
What are the prime factors of 982?
2, 491
What are the prime factors of 7427?
7, 1061
List the prime factors of 7454.
2, 3727
What are the prime factors of 52078?
2, 13, 2003
What are the prime factors of 75234?
2, 3, 12539
List the prime factors of 1375.
5, 11
What are the prime factors of 15739?
15739
What are the prime factors of 4271?
4271
List the prime factors of 2539.
2539
What are the prime factors of 4138?
2, 2069
What are the prime factors of 2100?
2, 3, 5, 7
List the prime factors of 3104.
2, 97
What are the prime factors of 29871?
3, 3319
What are the prime factors of 13777?
23, 599
List the prime factors of 2271.
3, 757
List the prime factors of 328.
2, 41
What are the prime factors of 2970?
2, 3, 5, 11
What are the prime factors of 18859?
18859
What are the prime factors of 3188?
2